5728?
2
What is the millions digit of 1955240426?
5
What is the tens digit of 8305137?
3
What is the hundred thousands digit of 3711260692?
2
What is the billions digit of 3687594248?
3
What is the millions digit of 310338088?
0
What is the ten millions digit of 152944933?
5
What is the millions digit of 2332897399?
2
What is the thousands digit of 70150481?
0
What is the hundred thousands digit of 11837896?
8
What is the hundred millions digit of 888262579?
8
What is the ten thousands digit of 206158538?
5
What is the hundreds digit of 126540182?
1
What is the ten millions digit of 302323774?
0
What is the millions digit of 38876571?
8
What is the tens digit of 320729044?
4
What is the thousands digit of 83432539?
2
What is the units digit of 129101041?
1
What is the ten thousands digit of 48933808?
3
What is the units digit of 51276064?
4
What is the ten thousands digit of 95394892?
9
What is the ten millions digit of 6552468280?
5
What is the units digit of 839915557?
7
What is the hundred thousands digit of 3615879240?
8
What is the units digit of 416870163?
3
What is the hundred thousands digit of 337373538?
3
What is the tens digit of 202737230?
3
What is the units digit of 6416964?
4
What is the millions digit of 6668665?
6
What is the tens digit of 2648529?
2
What is the ten thousands digit of 92061886?
6
What is the thousands digit of 212529122?
9
What is the ten millions digit of 62329229?
6
What is the thousands digit of 163821748?
1
What is the thousands digit of 47845389?
5
What is the millions digit of 2813782791?
3
What is the millions digit of 935632454?
5
What is the tens digit of 35268676?
7
What is the ten thousands digit of 445207145?
0
What is the hundreds digit of 197070879?
8
What is the ten millions digit of 1575102494?
7
What is the hundred thousands digit of 16018255?
0
What is the hundreds digit of 369923122?
1
What is the ten thousands digit of 376308182?
0
What is the millions digit of 3369675396?
9
What is the millions digit of 1486886392?
6
What is the hundred thousands digit of 104528174?
5
What is the hundred millions digit of 4998159183?
9
What is the hundreds digit of 78023138?
1
What is the ten millions digit of 25362865?
2
What is the millions digit of 2734566908?
4
What is the tens digit of 812813227?
2
What is the thousands digit of 246077539?
7
What is the ten thousands digit of 823977937?
7
What is the thousands digit of 528789791?
9
What is the units digit of 50596612?
2
What is the hundred millions digit of 430948653?
4
What is the hundred thousands digit of 3173738898?
7
What is the hundreds digit of 726880105?
1
What is the hundreds digit of 4086571?
5
What is the ten millions digit of 1872943192?
7
What is the hundred millions digit of 1361995811?
3
What is the units digit of 120313124?
4
What is the hundreds digit of 1475049911?
9
What is the hundreds digit of 191944205?
2
What is the thousands digit of 1098145017?
5
What is the thousands digit of 82915471?
5
What is the units digit of 25154263?
3
What is the hundreds digit of 183053734?
7
What is the hundred millions digit of 123549397?
1
What is the ten thousands digit of 440145063?
4
What is the ten thousands digit of 3440841394?
4
What is the thousands digit of 1369593667?
3
What is the millions digit of 97334227?
7
What is the millions digit of 41918073?
1
What is the tens digit of 294703894?
9
What is the hundred millions digit of 663856945?
6
What is the hundreds digit of 273259009?
0
What is the units digit of 157968195?
5
What is the units digit of 281881120?
0
What is the hundreds digit of 42986740?
7
What is the hundreds digit of 4432063441?
4
What is the ten thousands digit of 1218869518?
6
What is the units digit of 105524949?
9
What is the hundred millions digit of 249988245?
2
What is the hundred thousands digit of 62153988?
1
What is the thousands digit of 914933213?
3
What is the ten thousands digit of 354950032?
5
What is the hundreds digit of 456026756?
7
What is the ten thousands digit of 52344855?
4
What is the tens digit of 3073588456?
5
What is the hundreds digit of 5778343365?
3
What is the units digit of 3270183716?
6
What is the units digit of 1242895437?
7
What is the hundred thousands digit of 16961873?
9
What is the hundred thousands digit of 87290272?
2
What is the millions digit of 522462537?
2
What is the ten thousands digit of 56686890?
8
What is the hundreds digit of 425393506?
5
What is the hundreds digit of 338215432?
4
What is the hundred thousands digit of 27661924?
6
What is the millions digit of 11208257?
1
What is the hundred millions digit of 124566204?
1
What is the tens digit of 672584156?
5
What is the ten millions digit of 294687097?
9
What is the tens digit of 25931184?
8
What is the ten millions digit of 1323149830?
2
What is the units digit of 63554845?
5
What is the tens digit of 855636956?
5
What is the hundred millions digit of 101791283?
1
What is the units digit of 4294211?
1
What is the tens digit of 77156977?
7
What is the units digit of 1236014284?
4
What is the thousands digit of 177349469?
9
What is the hundreds digit of 392651905?
9
What is the thousands digit of 214198216?
8
What is the ten millions digit of 83436121?
8
What is the units digit of 33387173?
3
What is the ten thousands digit of 316840707?
4
What is the millions digit of 478450854?
8
What is the ten thousands digit of 6957741?
5
What is the ten thousands digit of 68415978?
1
What is the thousands digit of 783777913?
7
What is the hundred millions digit of 246875660?
2
What is the ten thousands digit of 87180174?
8
What is the units digit of 45632322?
2
What is the hundreds digit of 288265777?
7
What is the hundred thousands digit of 625575682?
5
What is the hundreds digit of 60505953?
9
What is the ten thousands digit of 10932482?
3
What is the thousands digit of 748509443?
9
What is the hundred millions digit of 516339716?
5
What is the units digit of 28576729?
9
What is the hundred millions digit of 195153111?
1
What is the ten millions digit of 136037922?
3
What is the ten millions digit of 407067391?
0
What is the ten thousands digit of 151267315?
6
What is the units digit of 1054624829?
9
What is the hundreds digit of 33432010?
0
What is the units digit of 20326749?
9
What is the ten thousands digit of 467901402?
0
What is the hundred thousands digit of 347738563?
7
What is the tens digit of 376586520?
2
What is the hundred millions digit of 5864313144?
8
What is the ten millions digit of 156280828?
5
What is the units digit of 455869595?
5
What is the hundred thousands digit of 593016050?
0
What is the ten millions digit of 7423878604?
2
What is the thousands digit of 946806923?
6
What is the thousands digit of 88683938?
3
What is the units digit of 459396564?
4
What is the hundreds digit of 352971106?
1
What is the ten thousands digit of 2013072949?
7
What is the hundreds digit of 108160329?
3
What is the hundred millions digit of 734078118?
7
What is the hundred millions digit of 249091224?
2
What is the tens digit of 75297319?
1
What is the millions digit of 7204509222?
4
What is the hundred millions digit of 851854374?
8
What is the thousands digit of 1931886150?
6
What is the millions digit of 303447800?
3
What is the tens digit of 881595828?
2
What is the hundred millions digit of 1135151231?
1
What is the ten thousands digit of 166146053?
4
What is the thousands digit of 175647730?
7
What is the hundred thousands digit of 3792246465?
2
What is the tens digit of 2811083890?
9
What is the tens digit of 584582902?
0
What is the ten millions digit of 1369086121?
6
What is the ten millions digit of 91378853?
9
What is the tens digit of 327642481?
8
What is the units digit of 1348143521?
1
What is the ten thousands digit of 43714608?
1
What is the units digit of 17656385?
5
What is the ten thousands digit of 65409972?
0
What is the tens digit of 99937795?
9
What is the hundred thousands digit of 2981365965?
3
What is the thousands digit of 1749813?
9
What is the ten thousands digit of 560567444?
6
What is the units digit of 255373753?
3
What is the hundred thousands digit of 200764192?
7
What is the thousands digit of 240476732?
6
What is the hundred thousands digit of 1030290764?
2
What is the millions digit of